hest common divisor of 20 and 1529260.
20
Calculate the greatest common divisor of 335088 and 432.
144
Calculate the highest common factor of 37 and 2810.
1
Calculate the greatest common factor of 2349 and 81891.
81
What is the greatest common divisor of 675 and 4925?
25
What is the greatest common divisor of 65225 and 435?
5
What is the greatest common divisor of 413 and 37583?
413
Calculate the greatest common divisor of 78 and 669.
3
Calculate the greatest common factor of 196 and 127841.
49
Calculate the highest common divisor of 202 and 3217759.
101
What is the greatest common divisor of 12974 and 182?
26
Calculate the greatest common divisor of 605 and 1089.
121
Calculate the greatest common factor of 116484 and 374.
34
What is the greatest common factor of 140 and 131180?
140
Calculate the greatest common divisor of 272 and 106675.
17
Calculate the highest common factor of 27 and 27417.
3
Calculate the greatest common divisor of 9866710 and 70.
70
What is the greatest common divisor of 20 and 955445?
5
What is the greatest common divisor of 651 and 2226?
21
What is the highest common factor of 912 and 1006392?
456
Calculate the greatest common factor of 56 and 452240.
8
What is the greatest common divisor of 1236 and 372?
12
Calculate the highest common factor of 6 and 120510.
6
What is the greatest common factor of 11 and 10170248?
11
What is the highest common factor of 2552 and 682?
22
What is the highest common divisor of 3996 and 3404?
148
What is the greatest common factor of 9546 and 172?
86
What is the greatest common factor of 284 and 34506?
142
What is the greatest common factor of 28398 and 846?
6
What is the greatest common divisor of 616 and 3920?
56
Calculate the greatest common divisor of 1391 and 533.
13
What is the greatest common factor of 526848 and 16?
16
What is the highest common divisor of 24187 and 722?
361
What is the greatest common factor of 400 and 331825?
25
Calculate the greatest common factor of 2178086 and 166.
166
Calculate the highest common divisor of 5033353 and 39.
13
Calculate the highest common divisor of 142120 and 76.
76
What is the highest common factor of 130 and 98865?
65
Calculate the highest common factor of 78499 and 69.
23
Calculate the greatest common divisor of 110 and 549835.
55
What is the greatest common divisor of 177024 and 18048?
384
Calculate the greatest common factor of 9 and 12909.
3
What is the highest common factor of 330 and 241065?
165
What is the greatest common factor of 114478 and 1183?
91
What is the greatest common divisor of 3052 and 392?
28
What is the highest common divisor of 3258 and 207426?
1086
Calculate the highest common factor of 46890 and 1920.
30
What is the highest common divisor of 1610 and 34293?
161
What is the greatest common factor of 190548 and 1116?
36
Calculate the highest common divisor of 153 and 18887.
17
Calculate the greatest common divisor of 1534980 and 5.
5
Calculate the highest common divisor of 33 and 11799.
3
Calculate the highest common divisor of 45720 and 1080.
360
Calculate the greatest common factor of 918 and 19686.
102
Calculate the greatest common factor of 64960 and 2436.
812
Calculate the greatest common factor of 6900 and 149385.
345
What is the greatest common factor of 39 and 157703?
13
Calculate the highest common divisor of 66 and 80058.
66
What is the greatest common factor of 23422 and 60?
2
What is the greatest common factor of 1670867 and 11?
11
What is the greatest common factor of 225 and 10485?
45
Calculate the highest common factor of 2030 and 255.
5
What is the greatest common divisor of 38760 and 103512?
456
What is the greatest common divisor of 17860 and 10640?
380
Calculate the highest common factor of 224 and 2170.
14
What is the greatest common divisor of 10125 and 243?
81
What is the highest common divisor of 8000 and 50880?
320
Calculate the highest common factor of 201126 and 6.
6
Calculate the highest common factor of 9361 and 30613.
253
Calculate the highest common divisor of 7586068 and 28.
28
Calculate the greatest common divisor of 2639 and 210301.
91
What is the greatest common factor of 10 and 3015?
5
What is the highest common factor of 8025 and 399003?
321
What is the greatest common factor of 158530 and 3629?
191
Calculate the highest common divisor of 252 and 2240.
28
Calculate the greatest common divisor of 93 and 161913.
93
Calculate the highest common divisor of 56727 and 23166.
297
Calculate the greatest common factor of 2373 and 3729.
339
What is the highest common factor of 82710 and 210?
30
Calculate the greatest common factor of 25 and 9965.
5
Calculate the highest common divisor of 11352 and 8.
8
Calculate the highest common factor of 217924 and 34916.
1204
What is the highest common divisor of 18 and 1277394?
6
What is the highest common factor of 1455510 and 3480?
870
What is the greatest common factor of 3009 and 3953?
59
What is the greatest common factor of 8544 and 19758?
534
What is the greatest common factor of 125 and 37750?
125
What is the highest common divisor of 696987 and 774?
387
What is the highest common divisor of 50007 and 15?
3
Calculate the highest common divisor of 21051 and 180.
9
What is the greatest common factor of 17404 and 133?
19
Calculate the highest common divisor of 352 and 5830.
22
Calculate the greatest common factor of 8315 and 590.
5
Calculate the greatest common factor of 21877 and 1503.
167
Calculate the highest common factor of 2786481 and 45.
9
Calculate the highest common factor of 399 and 745458.
21
What is the greatest common divisor of 6119 and 2743?
211
What is the greatest common factor of 22600 and 1356?
452
Calculate the highest common factor of 1704 and 6106.
142
What is the greatest common divisor of 504 and 311031?
63
What is the highest common divisor of 208 and 26?
26
What is the greatest common divisor of 36696 and 999132?
1668
What is the greatest common divisor of 260542 and 17?
17
What is the highest common factor of 10624 and 415?
83
Calculate the greatest common factor of 175 and 235760.
35
What is the highest common factor of 144220 and 40?
20
Calculate the greatest common factor of 24235 and 524.
131
Calculate the greatest common divisor of 884 and 57137.
17
Calculate the highest common factor of 2688 and 16.
16
What is the highest common divisor of 7596 and 288?
36
What is the highest common divisor of 109875 and 1125?
375
Calculate the greatest common factor of 30160 and 9620.
260
Calculate the greatest common factor of 154704 and 144.
48
What is the greatest common divisor of 1124 and 88?
4
What is the highest common factor of 1411 and 4986474?
1411
What is the highest common factor of 34136 and 408?
136
Calculate the greatest common factor of 60 and 8940.
60
Calculate the highest common divisor of 5730 and 2448.
6
Calculate the greatest common factor of 17228 and 7.
1
What is the greatest common divisor of 11 and 44011?
11
Calculate the greatest common divisor of 22 and 216139.
11
What is the greatest common factor of 3232 and 15776?
32
Calculate the highest common divisor of 14641 and 1.
1
What is the highest common factor of 106 and 2806?
2
Calculate the greatest common divisor of 1125 and 50805.
45
Calculate the highest common factor of 6230 and 10947.
89
What is the highest common divisor of 145362 and 98?
14
Calculate the greatest common factor of 240 and 8180.
20
Calculate the highest common factor of 28832 and 3944.
136
What is the greatest common divisor of 61707 and 14070?
201
Calculate the highest common factor of 12341 and 87591.
301
What is the greatest common divisor of 406 and 10661?
7
What is the greatest common divisor of 11643 and 12?
3
What is the highest common divisor of 1271418 and 522?
174
What is the highest common divisor of 77 and 236291?
11
What is the greatest common factor of 84 and 1659294?
42
Calculate the highest common factor of 9219 and 525.
21
Calculate the highest common factor of 6 and 1026669.
3
What is the highest common factor of 299 and 8947?
23
Calculate the greatest common divisor of 2 and 1914.
2
Calculate the highest common factor of 17197 and 15167.
29
What is the highest common factor of 260120 and 35?
35
What is the highest common divisor of 99 and 404569?
11
What is the